11 + 6 + -3 - (132 - 123)
-17
Evaluate -2 + (-5 - 23) + -3 + (4 - -7).
-22
What is the value of 28 - 13 - (-13 + -1)?
29
What is the value of -22 + 9 + -6 + 29?
10
-12 + 13 - (-3 + 0 - -1) - 13
-10
-8 + (-3 + 6 - -1) - (-1 - -7)
-10
(-1 + 14 - 11) + (6 - -1)
9
Calculate -7 - 4 - (-25 - -3).
11
What is the value of 4 + (-9 + -5 + 20 - (10 - -1))?
-1
What is the value of -1 - ((47 - 47) + 0 + 5)?
-6
What is the value of 21 + -4 + (-12 - -8) + 0 + -3?
10
Evaluate 2 + (14 - -3 - (2 + 2)) + -5.
10
2 + 2 + -1 + (-2 - -10)
11
0 - 7 - (1 - (33 + 0 + -4))
21
7 + -2 - (-4 + 11) - -10
8
What is 7 + -3 - ((-12 - -5) + -6 + 5)?
12
(-98 + 82 - -6) + 31 + 0 + 0
21
Evaluate -6 + (5 - (-16 + 8)).
7
What is 2 - ((-7 - 8) + 6 + (0 - -3))?
8
Evaluate -448 + 460 - (1 - -17).
-6
Calculate -10 + -40 + -7 - -28.
-29
What is -26 + (16 - -25) + -36?
-21
What is -7 + -1 + (-9 - (1 + -57) - 19)?
20
Evaluate 1 - 0 - (36 + -31 - (-7 + 2)).
-9
What is (24 + -14 + 8 - -1) + -6?
13
Calculate 42 + (21 - 40) - 26.
-3
Evaluate -12 + (29 - 8 - 12) - (-1 - -19).
-21
Evaluate 4 - (6 + 10 + 1).
-13
Evaluate -8 - (0 - 1) - (-675 - -668) - -17.
17
Evaluate -1 + (-31 - 0) - (-5638 + 5636).
-30
Evaluate -18 + 5 - (9 + (-4 - 0)).
-18
What is the value of -16 - (5 + 11 + -14) - (-12 + 3)?
-9
Calculate 24 + -8 + (-6 - -1) + 7 + 4.
22
What is the value of (-1 - -3) + (-8 - -67 - 69)?
-8
-15 - 0 - (7 - -9 - 16) - -5
-10
-2 + (-4 - (-10 + -1 + 8))
-3
-8 + (-5 - ((-10 - 35) + -6 + 6))
32
What is (-5 - -6) + (-62 - -47)?
-14
Calculate 6 - ((-20 - -1) + 20).
5
Evaluate 1 - 5 - (24 - (-3 - -13)).
-18
Calculate -8 + 22 + 0 + -12.
2
Calculate 335 + -328 - (9 - (-3 - -2)).
-3
Evaluate (0 - 0) + (-36 + 16 - -18).
-2
17 - (-15 + 46) - (-3 + 0 - 0)
-11
What is -3 - -12 - (14 - (5 + 4))?
4
What is the value of -29 + -21 + 36 - (-16 + 1)?
1
Evaluate 0 + -14 + -28 + 34 + -1 + -21.
-30
(0 - (9 - (-5 + 8))) + (-11 - -11)
-6
0 - -20 - (-89 - -109)
0
Calculate (-9 - (3 + -4) - -24) + -8.
8
Calculate -1 - ((-4 - (4 + -6)) + -3 + -9).
13
Evaluate -14 - 1 - (-173 + 162).
-4
-207 + 219 + 2 + -16 + 8
6
What is 10 + 1 - (-29 - (-28 + -2))?
10
Calculate 3 - ((-9 - 3) + 1 - 2).
16
What is the value of (14 - 2) + -21 + 8?
-1
-29 - (25 - (72 - 24))
-6
Evaluate (6 - -1) + 0 + (-250 - -250).
7
(-20 - -17) + -8 + 23
12
What is -2 + 8 + (667 - 698)?
-25
What is 42 - (-19 - (-97 + 39))?
3
Evaluate -4 + 23 + -10 - -2.
11
Evaluate 10 + -9 - (3 + -1 + -9).
8
16 - (9 + -6 + -3 + 6 - 2)
12
(19 - -2) + (-18 - -5)
8
Calculate (-21 - (9 + -17 + -2 + 9)) + -5.
-25
(11 - (-2 + (8 - 2) + 23)) + -6
-22
Calculate -10 - (-4 + (11 - 23)).
6
What is the value of -12 + (9 - -5) + 6 + -39 + 0?
-31
Evaluate -4 + 2 + -2 + 92 + -81.
7
What is the value of -3 - (-10 + 0 - -4)?
3
What is the value of (-46 + 11 - -7) + -1 + 12 + -5?
-22
What is the value of -1 + (0 - -15 - 0) - (-2786 + 2795)?
5
What is the value of (15 - 1) + -7 + -18 + 19 - 8?
0
What is the value of (-16 - -9 - (6 - 20)) + -2?
5
What is the value of -19 - (21 + 0) - -41?
1
What is 13 + -83 + 42 - -47?
19
What is the value of (25 - (34 - 16)) + 1 + -3?
5
Evaluate (29 - -5 - 14 - (5 - -5)) + 19.
29
What is 20 - (-12 + (-14 - -18) + 6)?
22
What is (7 - 11 - 0) + 4 + 38 + -59?
-21
Calculate -1 + 19 + 36 + -57.
-3
Calculate (7 - 33 - -24) + -18.
-20
10 - ((6 - -11) + (0 - -2))
-9
Evaluate -28 + -11 + 16 - -5.
-18
Evaluate -4 + (9 + -12 - -2 - 3) + -4.
-12
Calculate -11 + 54 - (9 - -58).
-24
Calculate (-2 + 14 - -2) + -2 - 6.
6
(-5 - (-13 + 4)) + (-2 + 3 - 18)
-13
Calculate (-255 - -255) + -1 + -8.
-9
What is -12 - (-4 + (1 - (8 + -7)))?
-8
7 + 1 - 0 - -1
9
What is the value of -19 - (-16 + 6) - (-24 - -1)?
14
Calculate 8 + -16 + 13 - 8.
-3
Evaluate -8 + 4 + (-6 - (-1 + -4 + 0)).
-5
Evaluate 12 + 15 + -31 + 11.
7
Evaluate (-3 - (9 + 0)) + (-5 - -2 - -2).
-13
What is the value of -1 + (-105 - -104) + (4 - 0) + -31?
-29
What is 6 + -12 + 12 + (1 - -5) + -5?
7
30 + 1 + -435 + 426
22
Calculate 24 - (20 - 6) - (-6 + (1 - 3)).
18
-6 - -2 - ((15 - (8 - 3)) + -5)
-9
Evaluate 1 - (-15 + -1 - (52 + -58)).
11
-4 + 1 + -30 + 33
0
Evaluate 10 + -33 + 32 - -6.
15
Evaluate -804 - -793 - (0 + 0 + 3 - 2).
-12
Evaluate -7 + 1 - ((34 - 47) + (-10 - -2)).
15
Calculate -5 + (1 - -1 - 9 - -12).
0
What is the value of (-5 - 6) + 32 - (5 - 3)?
19
-21 - (-3 + 8 + 3 - 23)
-6
Evaluate (5 - (-14 + 25)) + 12 - 0.
6
Calculate -38 - (-13 - 20) - 9.
-14
Calculate -21 + (0 + 4 + 12 - 7).
-12
What is the value of 37 + (-25 - -14) - 22?
4
Calculate (1 - 0) + 8 + (2 - 20).
-9
11 + (-1 - (-14 + -2 + 3 + 2))
21
(28 - 12) + (-7 - -9)
18
Calculate 4 + -10 + (-7 + 0 - (50 - 52)).
-11
28 + -21 - (-3 + -2 + 0)
12
Evaluate -24 + -9 + 38 + -6.
-1
(-9 - -12) + (19 + 2 - (-1 + 2))
23
Evaluate 0 + 3 + (-6 - 6 - (-1 + 2)).
-10
Calculate 0 - (-1 + 17 + -11).
-5
What is -73 - (29 + -75) - -66?
39
Evaluate 17 - (7 + -1) - (5 - -13).
-7
What is 13 + 8 + -28 + -45 + 17?
-35
Evaluate 9 - (3 + 0 - (11 - 9)).
8
What is -15 - ((-1 - 1) + (-33 - -36) - 4)?
-12
What is 19 + (4 - (9 + 1))?
13
16 + (-8 - (-6 - -3))
11
Evaluate -3 + -7 + 11 + 11 - (1 - 2).
13
What is the value of 45 + (-14 - (-12 + 9))?
34
What is 10 + (1 - (-3 - -7)) - 9?
-2
Calculate (0 - -3) + 4 + (4 + -5 - 13).
-7
(-10 - (-38 + 20)) + 2
10
What is the value of 0 + (3 - -1) - (-12 - -35) - -6?
-13
Calculate 451 + -478 - (3 + -5 - 8).
-17
What is 14 + -11 + 1 + (-3 - 17) + 9?
-7
What is (7 - 35) + 6 + 30?
8
What is the value of (34 - (8 + 2)) + -14?
10
What is 2 - 5 - (42 - 60)?
15
Evaluate 1 - -23 - (-23 + 26).
21
Evaluate 37 + -33 + -14 - -23.
13
What is the value of 5 + -17 + 5 - (-27 - (-8 - 3))?
9
(-10 - -19) + -12 + 25 + -3 + -2
17
What is the value of (5 + 23 - 0 - 15) + -6?
7
What is the value of -16 - (17 + -51) - 17?
1
What is 0 + 1 - ((2 - (4 - 3)) + 2)?
-2
What is the value of (-47 - -24) + 20 - (14 + -1)?
-16
Evaluate -1 - (-3 - (-6 + (-5 - -2))).
-7
What is the value of 19 - (19 - 1) - (19 - 1)?
-17
Evaluate 4 + -34 - (44 + -50).
-24
Calculate -1 - 6 - (9 + (-7 - (14 - 14))).
-9
What is 10 + 56 + -8 + -25?
33
What is the value of 1 + -6 + 0 + 1 + -1 - -1?
-4
What is the value of 10 + -9 + 0 + -17?
-16
Evaluate -25 + 20 + -30 + 28.
-7
What is -28 + 1 - (-4 - 23)?
0
What is the value of 9 + (-55 - -61) + (-1 - -13)?
27
Evaluate 0 + -6 + (-39 - (-46 + 3 - -20)).
-22
Calculate 0 - 5 - (-579 - -596).
-22
What is the value of 11 + (16 - 37) + 6 + (-3 - 24)?
-31
What is 12 + -7 + (0 - (0 - (6 - 0)))?
11
What is the value of 4 + (-3 - (3 + (-2 - 2)))?
2
Calculate (3 - 7 - (-4 + -2 + 5)) + 6.
3
What is -18 - -34 - 15 - -3?
4
15 + (-12 + 16 - 3)
16
Calculate (-9 - (9 + 5)) + 6.
-17
Evaluate (55 + -45 - (1 - -13)) + -1 + 16.
11
Evaluate -191 + 194 + -1 + -14 - -12.
0
Evaluate -5 - ((62 - 56) + -12 + -1).
2
Calculate 13 + -1 - -4 - 16 - (1 - -20).
-21
7 - -4 - (-22 + 17 + 14 + 2)
0
(-6 - 16) + (-30 - -64)
12
What is the value of (-6 - 2) + -7 + (-12 - -27)?
0
What is (455 - 435) + (-12 - -1)?
9
Evaluate 29 - (3 - -1) - (-9 + 17 + -3).
20
What is 23 + -3 - (-306 + 339)?
-13
What is the value of (18 + 4 - 19 - (16 - 4)) + 0?
-9
Calculate (19 - 1) + 81 + -56 + -5.
38
What is the value of 0 + 9 - 11 - -11?
9
What is the value of 32 + (4 - 7) - (37 + -23)?
15
Evaluate -434 - -425 - (1 + -3 - -2).
-9
Evaluate -6 + 0 + (-7 - -14) - 10.
-9
What is -25 + 18 + -75 + 54?
-28
What is the value of (-32 - -68) + 6 + -30?
12
Calculate (52 - 36) + -22 + (-1 - 0).
-7
Evaluate 13 - 0 - (-2 - -10) - 9.
-4
What is (5 - (-16 + 18)) + -5?
-2
Calculate -29 + 29 + 8 - 1.
7
What is 2 + 6 + -274 + 266?
0
3 + -2 + 2 + -4 - (1144 - 1166)
21
Calculate (4 - (0 - (8 + -3))) + -6.
3
What is (-7 - (-2 + 1)) + (16 - (4 - 1))?
7
What is -15 - (-28 + 13 + -16)?
16
-8 + 8 + (-6 - -2) + (11 - 6)
1
What is the value of 53 + -41 + -3 + -4?
5
Calculate -5 - ((1 - 2 - -3) + 22 + -23).
-6
Calculate -1 + 3 + (4 - 19 - -28).
15
Evaluate 39 + -52 + 15 - (37 - (0 - -2)).
-33
Calculate (-18 + 17 - 4) + -3 + -1.
-9
What is -7 + (0 - (1 + -1)) - (-212 + 217)?
-12
What is the value of (-5 - (-2 - (-5 - -4))) + 13 + -3?
6
What is the value of -7 + 11 + -16 + -2 + 7?
-7
0 + -5 - -7 - (7 + (-4 - 11))
10
Calculate 7 - (2 - (5 + 4 + -5) - -3).
6
What is the value of 1 - 4 - (-148 - -124)?
21
What is the value of -4 + 0 - -7 -